{"id":3486,"date":"2022-04-04T17:09:04","date_gmt":"2022-04-04T15:09:04","guid":{"rendered":"https:\/\/madridforrefugees.org\/?post_type=job_listing&#038;p=3486"},"modified":"2022-06-13T12:09:45","modified_gmt":"2022-06-13T10:09:45","slug":"coordinador-de-voluntarios","status":"publish","type":"job_listing","link":"https:\/\/madridforrefugees.org\/es\/trabajo\/coordinador-de-voluntarios\/","title":{"rendered":"Coordinador de Voluntarios"},"content":{"rendered":"<p>A medida que crece el n\u00famero de voluntarios en Madrid for Refugees, el papel de Gesti\u00f3n de Voluntariado se ha vuelto indispensable para nosotros.<\/p>\n<p><strong>Lo que har\u00e1s<\/strong><\/p>\n<ul>\n<li>Mantener una comunicaci\u00f3n abierta con los voluntarios de toda la organizaci\u00f3n.<\/li>\n<li>Apoyar y empoderar a los voluntarios en su crecimiento personal y profesional.<\/li>\n<li>Trabajar junto con el equipo de reclutamiento para la b\u00fasqueda de voluntarios.<\/li>\n<li>Realizar encuestas anuales para evaluar la motivaci\u00f3n de los voluntarios, necesidades, intereses, entre otros.<\/li>\n<li>Investigar activamente oportunidades para el desarrollo de voluntarios, como talleres, conferencias, libros y otros medios.<\/li>\n<li>Trabajar con los coordinadores de equipo para evaluar la necesidad de abrir nuevas vacantes.<\/li>\n<\/ul>\n<p><strong>Lo que buscamos<\/strong><\/p>\n<ul>\n<li>Experiencia previa en gesti\u00f3n de personas es muy deseable.<\/li>\n<li>Deseable experiencia previa o conocimiento en consejer\u00eda de personas.<\/li>\n<li>Proactividad y creatividad al empoderamiento de nuestra fuerza laboral voluntaria, \u00a1incluy\u00e9ndote a ti!<\/li>\n<li>Buen conocimiento de ingl\u00e9s y espa\u00f1ol.<\/li>\n<li>Comprometerse al menos 4 horas de trabajo voluntario por semana.<\/li>\n<li>Capaz de comprometerse con el rol.<\/li>\n<\/ul>\n<p><em>\u00bfCrees que a\u00fan no tienes todas las habilidades requeridas? \u00a1No te preocupes! Te ayudaremos a desarrollarlos y pulirlos si est\u00e1s decidido a hacerlo.<\/em><\/p>\n<p><strong>Lo que podemos ofrecer<\/strong><\/p>\n<p>Aunque todas nuestras oportunidades actuales son roles de voluntariado, \u00a1hacemos todo lo posible para que su experiencia con nosotros sea significativa!<\/p>\n<ul>\n<li>El empoderamiento est\u00e1 en el centro de nuestros valores, tratamos de facilitar el desarrollo profesional y personal en la forma en que colaboramos.<\/li>\n<li>Nos encanta la creatividad y la resoluci\u00f3n de problemas, lo que significa que proporcionamos el espacio para poner en pr\u00e1ctica nuevas habilidades e ideas.<\/li>\n<li>\u00a1Nunca estar\u00e1s solo\/a! Nuestros voluntarios son expertos en diferentes campos y est\u00e1n m\u00e1s que felices de ayudar y compartir sus conocimientos y habilidades, \u00a1y nos encanta la colaboraci\u00f3n cruzada!<\/li>\n<li>Participar en sesiones de capacitaci\u00f3n e intercambio de conocimientos.<\/li>\n<li>Sum\u00e9rgete en un entorno multicultural con personas de diversos or\u00edgenes.<\/li>\n<\/ul>\n","protected":false},"author":40,"featured_media":0,"template":"","meta":{"_monsterinsights_skip_tracking":false,"_monsterinsights_sitenote_active":false,"_monsterinsights_sitenote_note":"","_monsterinsights_sitenote_category":0,"_promoted":"","_job_location":"Madrid, Espa\u00f1a","_application":"https:\/\/airtable.com\/shraT0NVxbWeZf7it","_company_name":"","_company_website":"","_company_tagline":"","_company_twitter":"","_company_video":"","_filled":0,"_featured":0,"_remote_position":0,"_job_salary":"","_job_salary_currency":"","_job_salary_unit":"","jetpack_publicize_message":"","jetpack_publicize_feature_enabled":true,"jetpack_social_post_already_shared":true,"jetpack_social_options":{"image_generator_settings":{"template":"highway","enabled":false},"version":2}},"job-types":[],"class_list":["post-3486","job_listing","type-job_listing","status-publish","hentry"],"yoast_head":"<!-- This site is optimized with the Yoast SEO plugin v25.2 - https:\/\/yoast.com\/wordpress\/plugins\/seo\/ -->\n<title>Coordinador de Voluntarios - Madrid For Refugees<\/title>\n<meta name=\"robots\" content=\"index, follow, max-snippet:-1, max-image-preview:large, max-video-preview:-1\" \/>\n<link rel=\"canonical\" href=\"https:\/\/madridforrefugees.org\/es\/trabajo\/coordinador-de-voluntarios\/\" \/>\n<meta property=\"og:locale\" content=\"es_ES\" \/>\n<meta property=\"og:type\" content=\"article\" \/>\n<meta property=\"og:title\" content=\"Coordinador de Voluntarios - Madrid For Refugees\" \/>\n<meta property=\"og:description\" content=\"A medida que crece el n\u00famero de voluntarios en Madrid for Refugees, el papel de Gesti\u00f3n de Voluntariado se ha vuelto indispensable para nosotros. Lo que har\u00e1s Mantener una comunicaci\u00f3n abierta con los voluntarios de toda la organizaci\u00f3n. Apoyar y empoderar a los voluntarios en su crecimiento personal y profesional. &hellip;\" \/>\n<meta property=\"og:url\" content=\"https:\/\/madridforrefugees.org\/es\/trabajo\/coordinador-de-voluntarios\/\" \/>\n<meta property=\"og:site_name\" content=\"Madrid For Refugees\" \/>\n<meta property=\"article:publisher\" content=\"https:\/\/www.facebook.com\/Madrid4Refugees\/\" \/>\n<meta property=\"article:modified_time\" content=\"2022-06-13T10:09:45+00:00\" \/>\n<meta name=\"twitter:card\" content=\"summary_large_image\" \/>\n<meta name=\"twitter:site\" content=\"@Madrid4Refugees\" \/>\n<meta name=\"twitter:label1\" content=\"Tiempo de lectura\" \/>\n\t<meta name=\"twitter:data1\" content=\"2 minutos\" \/>\n<script type=\"application\/ld+json\" class=\"yoast-schema-graph\">{\"@context\":\"https:\/\/schema.org\",\"@graph\":[{\"@type\":\"WebPage\",\"@id\":\"https:\/\/madridforrefugees.org\/es\/trabajo\/coordinador-de-voluntarios\/\",\"url\":\"https:\/\/madridforrefugees.org\/es\/trabajo\/coordinador-de-voluntarios\/\",\"name\":\"Coordinador de Voluntarios - Madrid For Refugees\",\"isPartOf\":{\"@id\":\"https:\/\/madridforrefugees.org\/es\/home-2\/#website\"},\"datePublished\":\"2022-04-04T15:09:04+00:00\",\"dateModified\":\"2022-06-13T10:09:45+00:00\",\"breadcrumb\":{\"@id\":\"https:\/\/madridforrefugees.org\/es\/trabajo\/coordinador-de-voluntarios\/#breadcrumb\"},\"inLanguage\":\"es\",\"potentialAction\":[{\"@type\":\"ReadAction\",\"target\":[\"https:\/\/madridforrefugees.org\/es\/trabajo\/coordinador-de-voluntarios\/\"]}]},{\"@type\":\"BreadcrumbList\",\"@id\":\"https:\/\/madridforrefugees.org\/es\/trabajo\/coordinador-de-voluntarios\/#breadcrumb\",\"itemListElement\":[{\"@type\":\"ListItem\",\"position\":1,\"name\":\"Home\",\"item\":\"https:\/\/madridforrefugees.org\/es\/\"},{\"@type\":\"ListItem\",\"position\":2,\"name\":\"Coordinador de Voluntarios\"}]},{\"@type\":\"WebSite\",\"@id\":\"https:\/\/madridforrefugees.org\/es\/home-2\/#website\",\"url\":\"https:\/\/madridforrefugees.org\/es\/home-2\/\",\"name\":\"MadridForRefugees\",\"description\":\"Helping Refugees in Madrid and Abroad\",\"publisher\":{\"@id\":\"https:\/\/madridforrefugees.org\/es\/home-2\/#organization\"},\"potentialAction\":[{\"@type\":\"SearchAction\",\"target\":{\"@type\":\"EntryPoint\",\"urlTemplate\":\"https:\/\/madridforrefugees.org\/es\/home-2\/?s={search_term_string}\"},\"query-input\":{\"@type\":\"PropertyValueSpecification\",\"valueRequired\":true,\"valueName\":\"search_term_string\"}}],\"inLanguage\":\"es\"},{\"@type\":\"Organization\",\"@id\":\"https:\/\/madridforrefugees.org\/es\/home-2\/#organization\",\"name\":\"Madrid for Refugees\",\"url\":\"https:\/\/madridforrefugees.org\/es\/home-2\/\",\"logo\":{\"@type\":\"ImageObject\",\"inLanguage\":\"es\",\"@id\":\"https:\/\/madridforrefugees.org\/es\/home-2\/#\/schema\/logo\/image\/\",\"url\":\"https:\/\/madridforrefugees.org\/wp-content\/uploads\/2021\/11\/MFR-Logo-Initials-Words.png\",\"contentUrl\":\"https:\/\/madridforrefugees.org\/wp-content\/uploads\/2021\/11\/MFR-Logo-Initials-Words.png\",\"width\":233,\"height\":83,\"caption\":\"Madrid for Refugees\"},\"image\":{\"@id\":\"https:\/\/madridforrefugees.org\/es\/home-2\/#\/schema\/logo\/image\/\"},\"sameAs\":[\"https:\/\/www.facebook.com\/Madrid4Refugees\/\",\"https:\/\/x.com\/Madrid4Refugees\",\"https:\/\/www.instagram.com\/weloverefugees\/\",\"https:\/\/www.linkedin.com\/company\/madrid-for-refugees\",\"https:\/\/www.pinterest.com\/weloverefugees\/\"]}]}<\/script>\n<!-- \/ Yoast SEO plugin. -->","yoast_head_json":{"title":"Coordinador de Voluntarios - Madrid For Refugees","robots":{"index":"index","follow":"follow","max-snippet":"max-snippet:-1","max-image-preview":"max-image-preview:large","max-video-preview":"max-video-preview:-1"},"canonical":"https:\/\/madridforrefugees.org\/es\/trabajo\/coordinador-de-voluntarios\/","og_locale":"es_ES","og_type":"article","og_title":"Coordinador de Voluntarios - Madrid For Refugees","og_description":"A medida que crece el n\u00famero de voluntarios en Madrid for Refugees, el papel de Gesti\u00f3n de Voluntariado se ha vuelto indispensable para nosotros. Lo que har\u00e1s Mantener una comunicaci\u00f3n abierta con los voluntarios de toda la organizaci\u00f3n. Apoyar y empoderar a los voluntarios en su crecimiento personal y profesional. &hellip;","og_url":"https:\/\/madridforrefugees.org\/es\/trabajo\/coordinador-de-voluntarios\/","og_site_name":"Madrid For Refugees","article_publisher":"https:\/\/www.facebook.com\/Madrid4Refugees\/","article_modified_time":"2022-06-13T10:09:45+00:00","twitter_card":"summary_large_image","twitter_site":"@Madrid4Refugees","twitter_misc":{"Tiempo de lectura":"2 minutos"},"schema":{"@context":"https:\/\/schema.org","@graph":[{"@type":"WebPage","@id":"https:\/\/madridforrefugees.org\/es\/trabajo\/coordinador-de-voluntarios\/","url":"https:\/\/madridforrefugees.org\/es\/trabajo\/coordinador-de-voluntarios\/","name":"Coordinador de Voluntarios - Madrid For Refugees","isPartOf":{"@id":"https:\/\/madridforrefugees.org\/es\/home-2\/#website"},"datePublished":"2022-04-04T15:09:04+00:00","dateModified":"2022-06-13T10:09:45+00:00","breadcrumb":{"@id":"https:\/\/madridforrefugees.org\/es\/trabajo\/coordinador-de-voluntarios\/#breadcrumb"},"inLanguage":"es","potentialAction":[{"@type":"ReadAction","target":["https:\/\/madridforrefugees.org\/es\/trabajo\/coordinador-de-voluntarios\/"]}]},{"@type":"BreadcrumbList","@id":"https:\/\/madridforrefugees.org\/es\/trabajo\/coordinador-de-voluntarios\/#breadcrumb","itemListElement":[{"@type":"ListItem","position":1,"name":"Home","item":"https:\/\/madridforrefugees.org\/es\/"},{"@type":"ListItem","position":2,"name":"Coordinador de Voluntarios"}]},{"@type":"WebSite","@id":"https:\/\/madridforrefugees.org\/es\/home-2\/#website","url":"https:\/\/madridforrefugees.org\/es\/home-2\/","name":"MadridForRefugees","description":"Helping Refugees in Madrid and Abroad","publisher":{"@id":"https:\/\/madridforrefugees.org\/es\/home-2\/#organization"},"potentialAction":[{"@type":"SearchAction","target":{"@type":"EntryPoint","urlTemplate":"https:\/\/madridforrefugees.org\/es\/home-2\/?s={search_term_string}"},"query-input":{"@type":"PropertyValueSpecification","valueRequired":true,"valueName":"search_term_string"}}],"inLanguage":"es"},{"@type":"Organization","@id":"https:\/\/madridforrefugees.org\/es\/home-2\/#organization","name":"Madrid for Refugees","url":"https:\/\/madridforrefugees.org\/es\/home-2\/","logo":{"@type":"ImageObject","inLanguage":"es","@id":"https:\/\/madridforrefugees.org\/es\/home-2\/#\/schema\/logo\/image\/","url":"https:\/\/madridforrefugees.org\/wp-content\/uploads\/2021\/11\/MFR-Logo-Initials-Words.png","contentUrl":"https:\/\/madridforrefugees.org\/wp-content\/uploads\/2021\/11\/MFR-Logo-Initials-Words.png","width":233,"height":83,"caption":"Madrid for Refugees"},"image":{"@id":"https:\/\/madridforrefugees.org\/es\/home-2\/#\/schema\/logo\/image\/"},"sameAs":["https:\/\/www.facebook.com\/Madrid4Refugees\/","https:\/\/x.com\/Madrid4Refugees","https:\/\/www.instagram.com\/weloverefugees\/","https:\/\/www.linkedin.com\/company\/madrid-for-refugees","https:\/\/www.pinterest.com\/weloverefugees\/"]}]}},"jetpack_publicize_connections":[],"jetpack_likes_enabled":true,"jetpack_sharing_enabled":true,"_links":{"self":[{"href":"https:\/\/madridforrefugees.org\/es\/wp-json\/wp\/v2\/job-listings\/3486","targetHints":{"allow":["GET"]}}],"collection":[{"href":"https:\/\/madridforrefugees.org\/es\/wp-json\/wp\/v2\/job-listings"}],"about":[{"href":"https:\/\/madridforrefugees.org\/es\/wp-json\/wp\/v2\/types\/job_listing"}],"author":[{"embeddable":true,"href":"https:\/\/madridforrefugees.org\/es\/wp-json\/wp\/v2\/users\/40"}],"wp:attachment":[{"href":"https:\/\/madridforrefugees.org\/es\/wp-json\/wp\/v2\/media?parent=3486"}],"wp:term":[{"taxonomy":"job_listing_type","embeddable":true,"href":"https:\/\/madridforrefugees.org\/es\/wp-json\/wp\/v2\/job-types?post=3486"}],"curies":[{"name":"wp","href":"https:\/\/api.w.org\/{rel}","templated":true}]}}

<p>A medida que crece el número de voluntarios en Madrid for Refugees, el papel de Gestión de Voluntariado se ha vuelto indispensable para nosotros.</p>
<p><strong>Lo que harás</strong></p>
<ul>
<li>Mantener una comunicación abierta con los voluntarios de toda la organización.</li>
<li>Apoyar y empoderar a los voluntarios en su crecimiento personal y profesional.</li>
<li>Trabajar junto con el equipo de reclutamiento para la búsqueda de voluntarios.</li>
<li>Realizar encuestas anuales para evaluar la motivación de los voluntarios, necesidades, intereses, entre otros.</li>
<li>Investigar activamente oportunidades para el desarrollo de voluntarios, como talleres, conferencias, libros y otros medios.</li>
<li>Trabajar con los coordinadores de equipo para evaluar la necesidad de abrir nuevas vacantes.</li>
</ul>
<p><strong>Lo que buscamos</strong></p>
<ul>
<li>Experiencia previa en gestión de personas es muy deseable.</li>
<li>Deseable experiencia previa o conocimiento en consejería de personas.</li>
<li>Proactividad y creatividad al empoderamiento de nuestra fuerza laboral voluntaria, ¡incluyéndote a ti!</li>
<li>Buen conocimiento de inglés y español.</li>
<li>Comprometerse al menos 4 horas de trabajo voluntario por semana.</li>
<li>Capaz de comprometerse con el rol.</li>
</ul>
<p><em>¿Crees que aún no tienes todas las habilidades requeridas? ¡No te preocupes! Te ayudaremos a desarrollarlos y pulirlos si estás decidido a hacerlo.</em></p>
<p><strong>Lo que podemos ofrecer</strong></p>
<p>Aunque todas nuestras oportunidades actuales son roles de voluntariado, ¡hacemos todo lo posible para que su experiencia con nosotros sea significativa!</p>
<ul>
<li>El empoderamiento está en el centro de nuestros valores, tratamos de facilitar el desarrollo profesional y personal en la forma en que colaboramos.</li>
<li>Nos encanta la creatividad y la resolución de problemas, lo que significa que proporcionamos el espacio para poner en práctica nuevas habilidades e ideas.</li>
<li>¡Nunca estarás solo/a! Nuestros voluntarios son expertos en diferentes campos y están más que felices de ayudar y compartir sus conocimientos y habilidades, ¡y nos encanta la colaboración cruzada!</li>
<li>Participar en sesiones de capacitación e intercambio de conocimientos.</li>
<li>Sumérgete en un entorno multicultural con personas de diversos orígenes.</li>
</ul>

Madrid, España

<!-- This site is optimized with the Yoast SEO plugin v25.2 - https://yoast.com/wordpress/plugins/seo/ -->
<title>Coordinador de Voluntarios - Madrid For Refugees</title>
<meta name="robots" content="index, follow, max-snippet:-1, max-image-preview:large, max-video-preview:-1" />
<link rel="canonical" href="https://madridforrefugees.org/es/trabajo/coordinador-de-voluntarios/" />
<meta property="og:locale" content="es_ES" />
<meta property="og:type" content="article" />
<meta property="og:title" content="Coordinador de Voluntarios - Madrid For Refugees" />
<meta property="og:description" content="A medida que crece el número de voluntarios en Madrid for Refugees, el papel de Gestión de Voluntariado se ha vuelto indispensable para nosotros. Lo que harás Mantener una comunicación abierta con los voluntarios de toda la organización. Apoyar y empoderar a los voluntarios en su crecimiento personal y profesional. &hellip;" />
<meta property="og:url" content="https://madridforrefugees.org/es/trabajo/coordinador-de-voluntarios/" />
<meta property="og:site_name" content="Madrid For Refugees" />
<meta property="article:publisher" content="https://www.facebook.com/Madrid4Refugees/" />
<meta property="article:modified_time" content="2022-06-13T10:09:45+00:00" />
<meta name="twitter:card" content="summary_large_image" />
<meta name="twitter:site" content="@Madrid4Refugees" />
<meta name="twitter:label1" content="Tiempo de lectura" />
	<meta name="twitter:data1" content="2 minutos" />
<script type="application/ld+json" class="yoast-schema-graph">{"@context":"https://schema.org","@graph":[{"@type":"WebPage","@id":"https://madridforrefugees.org/es/trabajo/coordinador-de-voluntarios/","url":"https://madridforrefugees.org/es/trabajo/coordinador-de-voluntarios/","name":"Coordinador de Voluntarios - Madrid For Refugees","isPartOf":{"@id":"https://madridforrefugees.org/es/home-2/#website"},"datePublished":"2022-04-04T15:09:04+00:00","dateModified":"2022-06-13T10:09:45+00:00","breadcrumb":{"@id":"https://madridforrefugees.org/es/trabajo/coordinador-de-voluntarios/#breadcrumb"},"inLanguage":"es","potentialAction":[{"@type":"ReadAction","target":["https://madridforrefugees.org/es/trabajo/coordinador-de-voluntarios/"]}]},{"@type":"BreadcrumbList","@id":"https://madridforrefugees.org/es/trabajo/coordinador-de-voluntarios/#breadcrumb","itemListElement":[{"@type":"ListItem","position":1,"name":"Home","item":"https://madridforrefugees.org/es/"},{"@type":"ListItem","position":2,"name":"Coordinador de Voluntarios"}]},{"@type":"WebSite","@id":"https://madridforrefugees.org/es/home-2/#website","url":"https://madridforrefugees.org/es/home-2/","name":"MadridForRefugees","description":"Helping Refugees in Madrid and Abroad","publisher":{"@id":"https://madridforrefugees.org/es/home-2/#organization"},"potentialAction":[{"@type":"SearchAction","target":{"@type":"EntryPoint","urlTemplate":"https://madridforrefugees.org/es/home-2/?s={search_term_string}"},"query-input":{"@type":"PropertyValueSpecification","valueRequired":true,"valueName":"search_term_string"}}],"inLanguage":"es"},{"@type":"Organization","@id":"https://madridforrefugees.org/es/home-2/#organization","name":"Madrid for Refugees","url":"https://madridforrefugees.org/es/home-2/","logo":{"@type":"ImageObject","inLanguage":"es","@id":"https://madridforrefugees.org/es/home-2/#/schema/logo/image/","url":"https://madridforrefugees.org/wp-content/uploads/2021/11/MFR-Logo-Initials-Words.png","contentUrl":"https://madridforrefugees.org/wp-content/uploads/2021/11/MFR-Logo-Initials-Words.png","width":233,"height":83,"caption":"Madrid for Refugees"},"image":{"@id":"https://madridforrefugees.org/es/home-2/#/schema/logo/image/"},"sameAs":["https://www.facebook.com/Madrid4Refugees/","https://x.com/Madrid4Refugees","https://www.instagram.com/weloverefugees/","https://www.linkedin.com/company/madrid-for-refugees","https://www.pinterest.com/weloverefugees/"]}]}</script>
<!-- / Yoast SEO plugin. -->

A medida que crece el número de voluntarios en Madrid for Refugees, el papel de Gestión de Voluntariado se ha vuelto indispensable para nosotros. Lo que harás Mantener una comunicación abierta con los voluntarios de toda la organización. Apoyar y empoderar a los voluntarios en su crecimiento personal y profesional. &hellip;
